+ -5?
-5
What is the value of (-1 - (17 + -12)) + 5?
-1
What is (-9 + 3 - -14) + 1?
9
33 + (13 - 58) + (14 - 0)
2
What is the value of 56 + -60 - (1 + -12) - 4?
3
Calculate 2 + -4 + 12 - (6 + -17 - -11).
10
Calculate (1 - (-2 - (5 - 12))) + 8.
4
Calculate (-4 - 1) + (4 + 17 - -5) + -10.
11
What is -17 - (25 - -8 - 23)?
-27
Evaluate 27 + (9 - 18) - 26.
-8
Calculate 6 - (21 + -17 + 10 + -1 + 8).
-15
Evaluate -160 - -176 - ((-2 - -2) + -4).
20
What is 8 - (7 - (-1 - (-1 + -3) - -13))?
17
What is (0 + 8 - -1) + -37 + (5 - 3)?
-26
Evaluate 2 + (-30 + 40 - (5 + -1)) + 3.
11
What is the value of (-4 - ((-4 - -2) + -2)) + 4 - 10?
-6
(21 - (34 + -6)) + -13
-20
Calculate -22 - -19 - (-1 - 6).
4
-5 - (-6 + -7) - (2 - -2) - 11
-7
What is (-9 - -22) + 8 - 16?
5
-6 + -4 + 0 + 3 + (24 - 20)
-3
What is -282 + 291 - (4 - (2 - 2))?
5
27 + -31 - (19 + (0 - (-2 + 4)))
-21
What is 4 + 17 + -30 + 21?
12
Evaluate -2 + 0 - (117 - 105).
-14
(-34 + 40 - 29) + 9
-14
What is -7 - (3 - 0) - (-38 - -13)?
15
Evaluate 4 - -3 - 6 - (14 - 12).
-1
What is the value of (-217 - -202) + 49 + -1?
33
Evaluate -49 + 3 + (15 - -13).
-18
What is 12 + (17 + -27 - -4)?
6
Calculate -2 + 3 - 1 - (5 + (-27 - -28)).
-6
Calculate (30 - 57 - -18) + 16.
7
Calculate 7 + (-1 - (3 + -12)) + -13.
2
What is the value of (-22 - 24) + 26 - -16?
-4
Evaluate 359 + -365 - (0 + -22).
16
Evaluate -4 + (27 - (6 - (-1 + -5) - 2)).
13
Evaluate 1 - -15 - (-125 - -113).
28
What is 54 + (-23 - -3 - 8)?
26
What is -3 - (3 + -3) - (-14 - (15 - 7))?
19
What is the value of (5 - 20 - -4) + (-3 - 0 - -4)?
-10
What is 25 - (297 - 307 - (-9 + (0 - -2)))?
28
Evaluate (20 - 1 - 8) + -5 - -7.
13
What is the value of -7 + (-27 - 6) + 12 - -5?
-23
What is the value of (-2 - 18) + (-10 + (-23 - -10) - -20)?
-23
What is (12 - (5 + 0)) + -12 + 1 + 0?
-4
Evaluate 9 + -8 + (8 + -8 + 5 - 1).
5
Calculate 39 + (31 - (10 + 31)).
29
Calculate (24 - 1) + (-1 - 8) + 5.
19
Calculate (0 - -29) + 693 + -749.
-27
What is -1 - (24 - (12 - -6))?
-7
What is (5 - 2) + (1 - (1 - -3)) + -1?
-1
What is the value of (-7 - (10 - 28)) + 7?
18
What is the value of 1 - (13 - (-4 + 4 + -7 - -4))?
-15
What is -1 + (-9 + 8 - 6)?
-8
What is -5 - ((-5 - -2) + -20 + (46 - 20))?
-8
What is the value of 57 + -19 + -5 - 33?
0
What is the value of 20 + -7 - (43 - (-14 - -31))?
-13
What is the value of 2 - (-17 - -19 - -3)?
-3
Evaluate (-21 - 7) + -4 + 25.
-7
(7 - (-9 - -9)) + 63 + -93
-23
Calculate -7 + (-1 - 10 - (-8 - -5 - 3)).
-12
-6 - (6 + -5 + 6 + 0)
-13
Calculate 108 - 117 - (2 + -23).
12
What is the value of -5 + 0 - (-44 + 37)?
2
What is the value of (-4 - 11) + (-12 - -5) - -8?
-14
Calculate (24 + -13 - 27) + -20 - (0 - 4).
-32
(5 - (1 - 1)) + (7 - (20 - 2))
-6
What is the value of 12 - (1 - (-1 + -5))?
5
Calculate 3 + -13 - -9 - -7 - (-1 + 7).
0
What is the value of 6 + -1 - (-14 + 1 - -24)?
-6
Calculate -19 + 6 + 16 - (0 - 1).
4
What is the value of -43 - (39 + -79) - (-15 - -3)?
9
-3 + (4 - 9 - (-11 + 2) - 10)
-9
Calculate 4 + -4 - (0 + 7) - (-75 + 61).
7
Calculate -6 - (5 - (-11 - -12)) - (2 + -9).
-3
6 + (-5 - 3) + -5
-7
Evaluate -5 + -24 + 22 - (0 - (14 + -3)).
4
Calculate 2 + (-7 - (-9 - 10)).
14
Calculate (-8 - (12 + -26)) + (-19 + 4 - 1).
-10
7 + 0 - (-2 + 18 + (-108 - -119))
-20
Calculate (-52 - (-47 - -15)) + (18 - 3).
-5
What is -13 + 1 + -4 - (-5 - -3)?
-14
Evaluate -27 + 1 - (-1 + (-15 - -5)).
-15
What is the value of 129 - 133 - (-1 + (-3 - 1 - -1))?
0
What is (1 - 1) + (-1187 - -1175)?
-12
Calculate 368 + -337 - (1 + 20).
10
258 + -313 + (19 - -2)
-34
What is (14 - (-3 + 10 + 2)) + -3?
2
Calculate (5 - 1) + 205 + -206 + (-9 - 0).
-6
(-15 - -8) + (-2 - -22)
13
What is 1 + (-8 + (-7 - -8) - -5) - 8?
-9
What is the value of -1 + (-6 - (5 - -5)) - (4 - 0)?
-21
52 + -39 - (-9 - 12)
34
What is the value of 2 - (5 - (-4 + -3))?
-10
What is the value of (1 - 9 - -10) + -9 + (-9 - -1)?
-15
2 + (-32 - -15) + 0
-15
What is 24 + -5 - 17 - 10?
-8
What is the value of 307 + -301 - (-21 + -1)?
28
What is 0 + (0 - 3) - (-97 + 116)?
-22
What is the value of 4 + 5 + -1 + -5?
3
What is (-6 - (-12 + 4)) + 2?
4
Calculate -2 + 8 - (-29 + 18 - (-1 - 5)).
11
What is (-2 - (-2 - (-16 + 8))) + (7 - 1)?
-2
Evaluate -1 + 15 + -543 + 547 - 17.
1
Calculate 12 + -4 + -79 + 74.
3
What is -3 - (-3 + (0 - -2)) - (-43 + 48)?
-7
Calculate -131 - -140 - (-4 - -1).
12
What is the value of 6 + (-9 - 1) - (-2 - -8)?
-10
Evaluate -5 + 23 + (0 - (-3 + 11)).
10
Evaluate (10 - 25) + -10 + -3.
-28
What is -17 + (-16 - (-4 - 24))?
-5
What is 13 + (1 - (18 - 8)) - -5?
9
Evaluate (3 + 8 - 25) + 6 - (-7 + -1).
0
Calculate -2 + (-1 - (0 + -4)) + (-7 - 1).
-7
Calculate (1 - 0 - 1 - -2) + 339 + -361.
-20
What is the value of 131 + -125 - (1 + 5)?
0
What is the value of 1 - 3 - (-4 - -18)?
-16
What is 26 + -21 + -20 + 36?
21
Calculate -4 + (0 + (2 - 1) - (41 + -45)).
1
-14 + 22 + (20 - 16)
12
What is -2 + 3 + -6 + 10 + -74 + 33?
-36
17 - (-5 + (-12 - -26))
8
7 - (19 - (28 + -27))
-11
(-6 + 5 - (-2 - 4 - -2)) + -16
-13
What is 8 + (50 - 40) + -10?
8
What is the value of 1 + 0 - (23 - 3) - -9?
-10
-2 + -4 - -4 - (43 - 30)
-15
Calculate 9 - (-14 + 7) - 24.
-8
What is the value of -9 + 3 + (-1 - -4) + 12 + -17?
-8
What is 4 + (2 + 2 + -7 - 5) - -18?
14
What is -174 + 161 - (-4 - 0)?
-9
What is the value of (8 - -13) + 27 + -18?
30
Evaluate (45 - 40) + 7 + -22 + 3.
-7
17 - 28 - -17 - 3
3
Evaluate -11 - (15 - (6 + 13)).
-7
-7 + (12 - 13) + 13
5
What is the value of 14 - (14 + -26 + 9 - -7)?
10
What is the value of -10 - (-6 + 15 - -2)?
-21
-29 + -3 + 63 - 2
29
Calculate 2 + (6 - (-8 + 7 + 1)).
8
What is (-1 - 13) + 16 - 7?
-5
What is the value of 1 + (0 - (1 - 3) - (-39 + 20))?
22
What is the value of (-1 - 1) + (-198 - -177)?
-23
What is the value of (-1 - -7) + (12 + (-10 - -1) - -4)?
13
Evaluate (0 + 16 - 17) + (13 - 9).
3
Calculate -2 + 12 + (-6 - 1) + -5 + 6.
4
Evaluate -5 + (24 - (18 - 5)) + 1.
7
What is -6 + -8 + 32 - 3?
15
Calculate 0 + 7 + 0 - (5 + -1).
3
What is -8 + 0 + 1 + 5 + 0?
-2
What is the value of -15 + 5 + -1 + -4 + 1 + 5?
-9
7 + (0 + 26 - (33 - 36)) + 2
38
Calculate -23 - (-5 - 9 - 13).
4
Evaluate 2434 + -2460 - (-10 + 2 + -1 + 1).
-18
What is the value of 11 - ((-6 - 0) + 20) - 8?
-11
What is -18 + 1 + (-18 + 31 - (0 + 21))?
-25
-15 + 5 + -60 + 73
3
What is the value of -6 + 10 + -9 + 9 + -9?
-5
Calculate 1 - 14 - (-27 - -15) - 15.
-16
Evaluate -4 - (-3 + 8 - (18 + -4)).
5
-9 + (-4 - 1 - (-49 - -15 - -17))
3
What is 3 + (4 - (-8 + -4 + 11))?
8
What is 10 + -4 - 14 - (-10 + -4)?
6
What is 41 + -102 + 69 - (0 + -1 + 24)?
-15
Calculate (-172 - -172 - (-11 + 0 - -1)) + -7.
3
11 + -16 + 18 + -13 - -15
15
Calculate -268 + 273 + 1 + 22.
28
30 - (0 + 36 + -16)
10
What is -5 + 1 + 6 + 5 + -2 + -7?
-2
What is the value of 30 + -17 + -6 - (7 - -4)?
-4
What is 6 + 3 + (12 - 35 - -3)?
-11
What is the value of 30 - 3 - (1 - ((0 - 15) + 8))?
19
Evaluate -3 - (-10 - -2 - (49 - 46)).
8
Calculate (-1 - -2) + -15 + 2.
-12
What is the value of -19 + 31 - (5 + 29 + 7)?
-29
What is the value of -48 + 0 + 9 + 3 + (1 - 0)?
-35
Evaluate (-1101 - -1153) + (1 - 37).
16
Evaluate (-6 - (-4 + 6 + -2)) + (0 - -6).
0
What is 31 - (2 + -21 + 31 + (-5 - -2))?
22
What is 78 + -68 + (-5 - -7)?
12
What is the value of -2 + 23 + -12 + -4 + 9 + 5?
19
What is the value of (6 - 16) + 1 + (9 - (4 - 1))?
-3
Evaluate -7 - (-20 + -4) - (-2 + 35).
-16
What is the value of 7 - 1 - (-39 + 53 - (30 + -17))?
5
What is (24 - (23 + -5)) + -9?
-3
What is 42 - (19 + 15) - (0 + -8) - -11?
27
-7 - -3 - 8 - (5 - 6)
-11
4 + (4 - 3 - 2) + -7 + 3
-1
22 + 6 + 15 + (15 - 30)
28
27 - (24 + 1 + -12)
14
Evaluate (24 - 9 - 25) + 13.
3
What is 1 + -1 + -2 - (-2 - 5)?
5
(-2 - -3 - 7) + -3 + (-6 - -5)
-10
Calculate 15 + -3 + (7 - 0 - 5) + -4.
10
Evaluate (0 - 1) + -2 + -4 + -3 + 8.
-2
What is 0 + 4 - 7 - -2 - (-5 - -4)?
0
Calculate (30 - (-20 - (-33 + -5))) + (-9 - -1).
4
(-1 - 1) + (-8 - (-22 - -4))
8
What is 35 + -41 - (-15 + -1)?
10
What is the value of -18 + (30 - 20) + (27 - 4) + -1?
14
Calculate 661 - 670 - (20 + (3 - 6)).
-26
What is (-9 - -11 - (-6 + 6)) + -24?
-22
What is (4 - 3 - (2 + 0)) + -2 - 19?
-22
Calculate -2 + (3 - (10 - 10) - -3).
4
Evaluate 2 - (-8 + 1 + 16) - -6.
-1
Calculate 8 - -24 - 0 - -5 - 16.
21
-5 + (22 - 12)